{"id":152,"date":"2014-03-24T22:45:26","date_gmt":"2014-03-24T21:45:26","guid":{"rendered":"http:\/\/lubsza.org\/?page_id=152"},"modified":"2014-08-28T12:06:08","modified_gmt":"2014-08-28T10:06:08","slug":"vi-2014-wystawa-numizmatyczna-czym-placili-nasi-dziadkowie","status":"publish","type":"page","link":"http:\/\/lubsza.org\/?page_id=152","title":{"rendered":"VII 2014 &#8211; Wystawa numizmatyczna &#8222;Czym p\u0142acili nasi pradziadowie&#8221;"},"content":{"rendered":"<p style=\"text-align: justify;\"><a href=\"http:\/\/lubsza.org\/wp-content\/uploads\/2014\/08\/zebranie-11.jpg\" rel=\"lightbox[152]\"><img loading=\"lazy\" decoding=\"async\" class=\"alignleft\" alt=\"zebranie (11)\" src=\"http:\/\/lubsza.org\/wp-content\/uploads\/2014\/08\/zebranie-11-300x225.jpg\" width=\"207\" height=\"155\" \/><\/a>W ramach obchodzonego w bie\u017c\u0105cym roku jubileuszu 700-lecia Lubszy organizowanych jest wiele imprez towarzysz\u0105cych. Jedn\u0105 z nich jest przygotowana na terenie Szko\u0142y Podstawowej im. J\u00f3zefa Lompy w Lubszy wystawa numizmatyczna pt. \u201eCzym p\u0142acili nasi pradziadowie\u201d.<\/p>\n<p><img decoding=\"async\" title=\"Wi\u0119cej...\" alt=\"\" src=\"http:\/\/lubsza.org\/wp-includes\/js\/tinymce\/plugins\/wordpress\/img\/trans.gif\" \/><\/p>\n<p style=\"text-align: justify;\">\u00a0Na wystawie znalaz\u0142y si\u0119 monety z okresu 1923-1990 oraz banknoty z lat 1930-1988. Wystaw\u0119 wzbogaci\u0142y informacje na temat polskich banknot\u00f3w publikowane w ramach serii \u201eBanknoty polskie &#8211; Niezwyk\u0142a historia kraju i pieni\u0105dza\u201d. Eksponaty do wystawy dostarczyli uczniowie szko\u0142y, a tak\u017ce doro\u015bli mieszka\u0144cy Lubszy.<\/p>\n<p style=\"text-align: justify;\">Monety i banknoty oraz informacje og\u00f3lne umieszczono <a href=\"http:\/\/lubsza.org\/wp-content\/uploads\/2014\/08\/zebranie-9.jpg\" rel=\"lightbox[152]\"><img loading=\"lazy\" decoding=\"async\" class=\"alignright\" alt=\"zebranie (9)\" src=\"http:\/\/lubsza.org\/wp-content\/uploads\/2014\/08\/zebranie-9-300x225.jpg\" width=\"207\" height=\"155\" \/><\/a>w oszklonych gablotach znajduj\u0105cych si\u0119 w odpowiednio przygotowanych pomieszczeniach. Wystawa czynna b\u0119dzie do ko\u0144ca roku, a mo\u017cna j\u0105 b\u0119dzie zwiedza\u0107 po rozpocz\u0119ciu roku szkolnego, w dni nauki szkolnej. Wszystkich ch\u0119tnych zapraszamy do jej odwiedzenia.<\/p>\n<p><em>Autorka: \u0141ucja Szmidla<\/em><\/p>\n<p>&nbsp;<\/p>\n<p>&nbsp;<\/p>\n<p>&nbsp;<\/p>\n<p>&nbsp;<\/p>\n","protected":false},"excerpt":{"rendered":"<p>W ramach obchodzonego w bie\u017c\u0105cym roku jubileuszu 700-lecia Lubszy organizowanych jest wiele imprez towarzysz\u0105cych. Jedn\u0105 z nich jest przygotowana na terenie Szko\u0142y Podstawowej im. J\u00f3zefa Lompy w Lubszy wystawa numizmatyczna pt. \u201eCzym p\u0142acili nasi pradziadowie\u201d. \u00a0Na wystawie znalaz\u0142y si\u0119 monety z okresu 1923-1990 oraz banknoty z lat 1930-1988. Wystaw\u0119 wzbogaci\u0142y informacje na temat polskich banknot\u00f3w &hellip; <a href=\"http:\/\/lubsza.org\/?page_id=152\" class=\"more-link\">Czytaj dalej <span class=\"screen-reader-text\">VII 2014 &#8211; Wystawa numizmatyczna &#8222;Czym p\u0142acili nasi pradziadowie&#8221;<\/span> <span class=\"meta-nav\">&rarr;<\/span><\/a><\/p>\n","protected":false},"author":1,"featured_media":0,"parent":0,"menu_order":0,"comment_status":"closed","ping_status":"open","template":"","meta":{"footnotes":""},"class_list":["post-152","page","type-page","status-publish","hentry"],"_links":{"self":[{"href":"http:\/\/lubsza.org\/index.php?rest_route=\/wp\/v2\/pages\/152","targetHints":{"allow":["GET"]}}],"collection":[{"href":"http:\/\/lubsza.org\/index.php?rest_route=\/wp\/v2\/pages"}],"about":[{"href":"http:\/\/lubsza.org\/index.php?rest_route=\/wp\/v2\/types\/page"}],"author":[{"embeddable":true,"href":"http:\/\/lubsza.org\/index.php?rest_route=\/wp\/v2\/users\/1"}],"replies":[{"embeddable":true,"href":"http:\/\/lubsza.org\/index.php?rest_route=%2Fwp%2Fv2%2Fcomments&post=152"}],"version-history":[{"count":3,"href":"http:\/\/lubsza.org\/index.php?rest_route=\/wp\/v2\/pages\/152\/revisions"}],"predecessor-version":[{"id":1779,"href":"http:\/\/lubsza.org\/index.php?rest_route=\/wp\/v2\/pages\/152\/revisions\/1779"}],"wp:attachment":[{"href":"http:\/\/lubsza.org\/index.php?rest_route=%2Fwp%2Fv2%2Fmedia&parent=152"}],"curies":[{"name":"wp","href":"https:\/\/api.w.org\/{rel}","templated":true}]}}